{"id":10083,"date":"2019-05-10T17:25:11","date_gmt":"2019-05-10T17:25:11","guid":{"rendered":"https:\/\/demo2.madrasthemes.com\/front-demos\/main\/?page_id=6"},"modified":"2022-01-05T08:45:55","modified_gmt":"2022-01-05T08:45:55","slug":"classic-agency","status":"publish","type":"page","link":"https:\/\/affi-sage.fr\/","title":{"rendered":"Accueil"},"content":{"rendered":"\n<div class=\"d-lg-flex position-relative hero-fancybox bg-white\"><div class=\"container d-lg-flex align-items-lg-center space-top-2 space-top-md-5 space-lg-0 min-height-lg-100vh\"><div class=\"row w-100\"><div class=\"col-lg-5\"><h1 class=\"text-dark display-4 font-size-md-down-5 mb-3\">Communication Ext\u00e9rieure<\/h1><p class=\"text-secondary hero-fancybox__description\">Nos services regroupent l&rsquo;ensemble des m\u00e9tiers de la communication ext\u00e9rieure et de la signal\u00e9tique en r\u00e9seau urbain et routier.<\/p><div class=\"d-flex align-items-center flex-wrap\"><a href=\"tel:0160789732\" class=\"justify-content-center fgb-button btn fgb-button--align-center btn-soft-primary btn-wide transition-3d-hover\"><div class=\"fgb-button--inner\">01 60 78 97 32<\/div><\/a><a class=\"js-fancybox media align-items-center u-media-player min-width-21 ml-3\" href=\"javascript:;\" data-src=\"\/\/vimeo.com\/167434033\" data-speed=\"700\" data-animate-in=\"zoomIn\" data-animate-out=\"zoomOut\" data-caption=\"Front - Responsive Website Template\"><span class=\"fgb-button u-media-player__icon u-media-player__icon--success mr-3\"><span class=\"fas fa-play btn-icon__inner u-media-player__icon-inner mr-sm-1\"><\/span><\/span><span class=\"media-body\"> Bient\u00f4t la vid\u00e9o<\/span><\/a><\/div><\/div><\/div><div id=\"SVGMainHero\" class=\"mt-12 col-lg-9 col-xl-7 svg-preloader d-none d-lg-block position-absolute top-0 right-0 pr-0\"><figure class=\"ie-main-hero\"><img decoding=\"async\" class=\"js-svg-injector\" alt=\"Image\" src=\"https:\/\/affi-sage.fr\/wp-content\/themes\/front\/assets\/svg\/illustrations\/main-hero.svg\" data-img-paths=\"[ { &quot;targetId&quot;: &quot;#SVGMainHeroImg1&quot;, &quot;newPath&quot;: &quot;https:\/\/affi-sage.fr\/wp-content\/uploads\/2021\/10\/affisage-1.png&quot; } ]\" data-parent=\"#SVGMainHero\"\/><\/figure><\/div><\/div><\/div>\n\n\n\n<div class=\"wp-block-fgb-video fgb-video--design-popupstyle3\"><div class=\"fgb-video__item\"><div class=\"\"><div id=\"presentation2\" class=\"position-relative\" data-video=\"\"><div class=\"bg-img-hero text-center space-4 rounded\" style=\"background-image:url(https:\/\/affi-sage.fr\/wp-content\/uploads\/2019\/09\/img4-15-1.jpg)\"><a class=\"js-fancybox d-inline-block u-media-player\" href=\"javascript:;\" data-src=\"\/\/vimeo.com\/167434033\" data-speed=\"700\" data-animate-in=\"zoomIn\" data-animate-out=\"zoomOut\" data-caption=\"La centralisation du dossier aupr\u00e8s d\u2019un seul interlocuteur constitue pour nos clients un gain de temps consid\u00e9rable.\"><span class=\"u-media-player__icon u-media-player__icon--lg\"><span class=\"fas fa-play u-media-player__icon-inner\"><\/span><\/span><\/a><br><h4 class=\"fgb-video__name d-inline-block text-white mb-0\">La centralisation du dossier aupr\u00e8s d\u2019un seul interlocuteur<br>constitue pour nos clients un gain de temps consid\u00e9rable.<\/h4><\/div><figure class=\"top-0 right-0 left-0 position-absolute\"><img decoding=\"async\" class=\"js-svg-injector\" alt=\"\" src=\"https:\/\/affi-sage.fr\/wp-content\/themes\/front\/assets\/svg\/components\/wave-2-top.svg\" data-parent=\"#SVGwave2Shape\"><\/figure><figure class=\"right-0 bottom-0 left-0 position-absolute\"><img decoding=\"async\" class=\"js-svg-injector\" alt=\"\" src=\"https:\/\/affi-sage.fr\/wp-content\/themes\/front\/assets\/svg\/components\/wave-2-bottom.svg\" data-parent=\"#SVGwave2Shape\"><\/figure><\/div><\/div><\/div><\/div>\n\n\n\n\n\n<div class=\"info-secion-block-3 space-top-2 space-top-md-3 container\" id=\"avantages\"><div class=\"w-md-80 w-lg-50 text-center mx-md-auto mb-9\"><span class=\"btn btn-xs btn-pill mb-2 btn-soft-primary\">Affi-Sage<\/span><h2 class=\"text-primary\"><strong>Optimisez <\/strong>et personnalisez votre signal\u00e9tique et <strong>communication.<\/strong><\/h2><p class=\"text-dark-50\">En propre et en r\u00e9gie, Affi-Sage exploite des parcs de panneaux multi-format. Nous vous conseillons en achat d&rsquo;espace et nous facilitons la gestion de votre parc de panneaux.<\/p><\/div><div class=\"fgb-info-section__item\"><div class=\"row justify-content-lg-between align-items-center space-bottom-3\"><div class=\"col-md-6 col-lg-5 mb-7 mb-md-0 \"><div class=\"pr-md-4\"><div class=\"mb-7 mb-md-0\"><div class=\"2\"><div class=\"media mb-7\"><div class=\"media-body\"><h4 class=\"h5 text-body\">Visibilit\u00e9<\/h4><p class=\" text-dark-50\">Nos implantations sont situ\u00e9es sur des axes \u00e0 fort trafic routier et font l&rsquo;objet d&rsquo;une \u00e9tude de potentiel. Celle-ci respecte les r\u00e9glementations en vigueur et prend en compte l&rsquo;attractivit\u00e9 alentour des centres commerciaux et des p\u00f4les de loisirs et administratifs.<\/p><\/div><\/div><div class=\"media mb-7\"><div class=\"media-body\"><h4 class=\"h5 text-body\">Support permanent ou ponctuel<\/h4><p class=\" text-dark-50\">Nous vous proposons un parc locatif de qualit\u00e9 pour une communication \u00e0 long terme. Nous sommes \u00e9galement en mesure de r\u00e9pondre \u00e0 des demandes sp\u00e9cifiques d&rsquo;installation.<\/p><\/div><\/div><div class=\"media mb-7\"><div class=\"media-body\"><h4 class=\"h5 text-body\">Garantie Qualit\u00e9<\/h4><p class=\" text-dark-50\">Nos dispositifs sont contr\u00f4l\u00e9s et entretenus p\u00e9riodiquement. Nous nous assurons que votre message publicitaire reste visible, clair et impactant.<\/p><\/div><\/div><\/div><\/div><\/div><\/div><div id=\"SVGellipseMockup-4ac851fb-54c5-4e1d-9e0a-0e3254ff8c5a\" class=\"col-md-6 svg-preloader\"><figure class=\"ie-ellipse-mockup\"><img decoding=\"async\" class=\"js-svg-injector\" alt=\"\" src=\"https:\/\/affi-sage.fr\/wp-content\/themes\/front\/assets\/svg\/illustrations\/ellipse-mockup.svg\" data-img-paths=\"[{&quot;targetId&quot;: &quot;#SVGellipseMockupImg1-4ac851fb-54c5-4e1d-9e0a-0e3254ff8c5a&quot;, &quot;newPath&quot;: &quot;https:\/\/affi-sage.fr\/wp-content\/uploads\/2021\/10\/panneau-exterieur-ville-nuit.png&quot;, &quot;replaceTargetId&quot;: &quot;SVGellipseMockupImg1-4ac851fb-54c5-4e1d-9e0a-0e3254ff8c5a&quot; } ]\" data-parent=\"#SVGellipseMockup-4ac851fb-54c5-4e1d-9e0a-0e3254ff8c5a\"><\/figure><\/div><\/div><\/div><div class=\"fgb-info-section__item\"><div class=\"row justify-content-lg-between align-items-center \"><div class=\"col-md-6 col-lg-5 mb-7 mb-md-0 order-lg-2\"><div class=\"pl-md-4\"><div class=\"mb-7 mb-md-0\"><div class=\"2\"><div class=\"media mb-7\"><div class=\"media-body\"><h4 class=\"h5 text-body\">Dur\u00e9e &amp; efficacit\u00e9<\/h4><p class=\" text-dark-50\">Affi-Sage implante du mobilier urbain et de la signal\u00e9tique commerciale dans le cadre de concessions \u00e0 dur\u00e9es d\u00e9termin\u00e9es. <meta charset=\"utf-8\">Nos r\u00e9alisations permettent d\u2019optimiser votre communication aupr\u00e8s de vos administr\u00e9s ou clients.<\/p><\/div><\/div><div class=\"media mb-7\"><div class=\"media-body\"><h4 class=\"h5 text-body\">Optimisation de votre parc<\/h4><p class=\" text-dark-50\">Nous nous assurons que votre parc de signal\u00e9tique commercial ou communal soit optimal. Affi-Sage d\u00e9finit et valide le plan d\u2019implantation. Nous consultons si n\u00e9cessaire les services techniques concern\u00e9s.<\/p><\/div><\/div><div class=\"media mb-7\"><div class=\"media-body\"><h4 class=\"h5 text-body\">Suivi et entretien<\/h4><p class=\" text-dark-50\">Nos \u00e9quipes sp\u00e9cialis\u00e9es g\u00e8rent l\u2019entretien des mobiliers et assurent un suivi rigoureux pour que votre message soit toujours le plus visible possible.<\/p><\/div><\/div><\/div><\/div><\/div><\/div><div id=\"SVGellipseMockupReverse-4ac851fb-54c5-4e1d-9e0a-0e3254ff8c5a\" class=\"col-md-6 svg-preloader\"><figure class=\"ie-ellipse-mockup\"><img decoding=\"async\" class=\"js-svg-injector\" alt=\"\" src=\"https:\/\/affi-sage.fr\/wp-content\/themes\/front\/assets\/svg\/illustrations\/ellipse-mockup-reverse.svg\" data-img-paths=\"[{&quot;targetId&quot;: &quot;#SVGellipseMockupReverseImg1-4ac851fb-54c5-4e1d-9e0a-0e3254ff8c5a&quot;, &quot;newPath&quot;: &quot;https:\/\/affi-sage.fr\/wp-content\/uploads\/2021\/10\/panneau-signale\u0301tique-urbaine-ville.png&quot;, &quot;replaceTargetId&quot;: &quot;SVGellipseMockupReverseImg1-4ac851fb-54c5-4e1d-9e0a-0e3254ff8c5a&quot; } ]\" data-parent=\"#SVGellipseMockupReverse-4ac851fb-54c5-4e1d-9e0a-0e3254ff8c5a\"><\/figure><\/div><\/div><\/div><\/div>\n\n\n\n<div class=\"space-2 space-md-3 testimonial-carousel-simple style-4 container\"><figure class=\"text-center mb-5 mx-auto\"><img decoding=\"async\" class=\"js-svg-injector\" alt=\"Image\" src=\"https:\/\/affi-sage.fr\/wp-content\/themes\/front\/assets\/svg\/illustrations\/quote2.svg\"\/><\/figure><div id=\"testimonialsNavMain\" class=\"js-slick-carousel u-slick u-slick--transform-off mb-4\" data-slides-show=\"1\" data-slides-scroll=\"1\" data-infinite=\"false\" data-autoplay=\"true\" data-autoplay-speed=\"3000\" data-speed=\"5000\" data-fade=\"true\" data-nav-for=\"#testimonialsNavPagination\"><div class=\"js-slide\"><div class=\"w-md-80 w-lg-60 text-center mx-auto\"><blockquote class=\"h3 mb-5\">Notre vocation est la mise en valeur de la communication de nos clients. Nos \u00e9quipes vous apportent des solutions globales selon votre probl\u00e9matique.<\/blockquote><\/div><\/div><\/div><div id=\"testimonialsNavPagination\" class=\"js-slick-carousel u-slick u-slick--pagination-modern u-slick--transform-off mx-auto\" data-slides-show=\"3\" data-slides-scroll=\"1\" data-infinite=\"false\" data-autoplay=\"true\" data-autoplay-speed=\"3000\" data-speed=\"5000\" data-focus-on-select=\"true\" data-center-mode=\"true\" data-is-thumbs=\"true\" data-nav-for=\"#testimonialsNavMain\"><div class=\"js-slide\"><\/div><\/div><\/div>\n\n\n\n<div class=\"wp-block-columns is-layout-flex wp-container-core-columns-layout-2 wp-block-columns-is-layout-flex\">\n<div class=\"wp-block-column space-2 space-lg-3 fgb-columns-block container is-layout-flow wp-block-column-is-layout-flow\" id=\"revenus\">\n<div class=\"wp-block-group is-layout-flow wp-block-group-is-layout-flow\"><div class=\"wp-block-group__inner-container\">\n<div class=\"wp-block-group is-layout-flow wp-block-group-is-layout-flow\"><div class=\"wp-block-group__inner-container\">\n<div class=\"wp-block-columns justify-content-lg-between fgb-columns-block__inner row is-layout-flex wp-container-core-columns-layout-1 wp-block-columns-is-layout-flex\">\n<div class=\"wp-block-column fgb-single-column col-sm-12 col-md-12 col-lg-4 mb-5 mb-lg-0 is-layout-flow wp-block-column-is-layout-flow\">\n<h2 class=\"wp-block-heading\"><span class=\"font-weight-semi-bold\">Particuliers, Entreprises, votre foncier est une source de revenu.<\/span><\/h2>\n<\/div>\n\n\n\n<div class=\"wp-block-column fgb-single-column col-sm-12 col-md-12 col-lg-6 is-layout-flow wp-block-column-is-layout-flow\">\n<p>Que vous soyez propri\u00e9taire ou locataire autoris\u00e9, cr\u00e9ez des revenus ind\u00e9pendamment de votre activit\u00e9 gr\u00e2ce \u00e0 votre foncier.<\/p>\n\n\n\n<p>Sachez que vos sites peuvent g\u00e9n\u00e9rer des revenus compl\u00e9mentaires. Apr\u00e8s l\u2019\u00e9tude de l\u2019ensemble du patrimoine et l\u2019examen des r\u00e8glementations locales, nous vous pr\u00e9sentons un projet d\u2019implantation de dispositifs publicitaires. Dans le cadre de la signature d\u2019un bail, vous percevez des loyers r\u00e9guliers.<\/p>\n<\/div>\n<\/div>\n<\/div><\/div>\n<\/div><\/div>\n<\/div>\n<\/div>\n\n\n\n<div id=\"whatWeDoSection\" class=\"no-space-top container space-2 space-md-3 icon-block-style-v7\"><div class=\"row justify-content-lg-between\"><div class=\"col-lg-4 mb-7 mb-lg-0\"><small class=\"text-secondary text-uppercase font-weight-medium mb-2\">PRESENTATION<\/small><h2 class=\"font-weight-medium\">Simplifiez-vous l&rsquo;achat d&rsquo;espace de votre parc panneaux<\/h2><p class=\"text\">L\u2019expertise d\u2019Affi-Sage r\u00e9side dans une parfaite connaissance des acteurs du monde de l\u2019affichage et des produits utilis\u00e9s pour la publicit\u00e9 ext\u00e9rieure.<br><br>En partenaire objectif, Affi-Sage vous accompagne dans l\u2019optimisation de campagnes publicitaires et dans la signalisation de vos points de vente.<br><br>Dans le cadre d\u2019une mission de mandataire d\u00e9finie par la loi Sapin, notre prestation s\u2019appuie sur une d\u00e9marche en quatre \u00e9tapes.<\/p><\/div><div class=\"col-lg-7\"><div class=\"row\"><div class=\"col-sm-6 mb-3\"><figure class=\"ie-height-56 w-100 max-width-8 mb-3\"><img decoding=\"async\" class=\"js-svg-injector\" alt=\"SVG\" src=\"https:\/\/affi-sage.fr\/wp-content\/themes\/front\/assets\/svg\/icons\/icon-1.svg\"\/><\/figure><span class=\"fgb-icon-blocks-la__name d-block h5\">Audit<\/span><p class=\"fgb-icon-blocks-la__description font-size-1\">Analyse des contrats en cours. Visualisation de l\u2019implantation du parc existant. \u00c9valuation des flux routiers dans la zone de chalandise. Identification de la concurrence.<\/p><\/div> <div class=\"col-sm-6 mb-3\"><figure class=\"ie-height-56 w-100 max-width-8 mb-3\"><img decoding=\"async\" class=\"js-svg-injector\" alt=\"SVG\" src=\"https:\/\/affi-sage.fr\/wp-content\/themes\/front\/assets\/svg\/icons\/icon-24.svg\"\/><\/figure><span class=\"fgb-icon-blocks-la__name d-block h5\">Pr\u00e9conisation<\/span><p class=\"fgb-icon-blocks-la__description font-size-1\">R\u00e9servation des emplacements. Assistance \u00e0 l\u2019\u00e9laboration de vos maquettes en conformit\u00e9 avec votre charte graphique. Mise en place des visuels et contr\u00f4le d\u2019ex\u00e9cution.<\/p><\/div> <div class=\"col-sm-6 mb-3\"><figure class=\"ie-height-56 w-100 max-width-8 mb-3\"><img decoding=\"async\" class=\"js-svg-injector\" alt=\"SVG\" src=\"https:\/\/affi-sage.fr\/wp-content\/themes\/front\/assets\/svg\/icons\/icon-25.svg\"\/><\/figure><span class=\"fgb-icon-blocks-la__name d-block h5\">Mise en ligne<\/span><p class=\"fgb-icon-blocks-la__description font-size-1\">Notre site intranet vous permettra de visualiser et g\u00e9rer directement votre parc de panneaux. Photos des emplacements, cartographie, suivi budg\u00e9taire pr\u00e9cis.<\/p><\/div> <div class=\"col-sm-6 mb-3\"><figure class=\"ie-height-56 w-100 max-width-8 mb-3\"><img decoding=\"async\" class=\"js-svg-injector\" alt=\"SVG\" src=\"https:\/\/affi-sage.fr\/wp-content\/themes\/front\/assets\/svg\/icons\/icon-4.svg\"\/><\/figure><span class=\"fgb-icon-blocks-la__name d-block h5\">Suivi et contr\u00f4le<\/span><p class=\"fgb-icon-blocks-la__description font-size-1\">R\u00e9ception, validation et r\u00e8glement des factures des diff\u00e9rents afficheurs. Facturation de notre prestation. Suivi des renouvellements et de votre satisfaction.<\/p><\/div> <\/div><\/div><\/div><\/div>\n\n\n\n<div style=\"height:100px\" aria-hidden=\"true\" class=\"wp-block-spacer\"><\/div>\n\n\n\n<div class=\"wp-block-columns is-layout-flex wp-container-core-columns-layout-3 wp-block-columns-is-layout-flex\">\n<div class=\"wp-block-column is-layout-flow wp-block-column-is-layout-flow\" style=\"flex-basis:100%\">\n<div class=\"hero-form-2\" id=\"contact\"><div class=\"bg-img-hero\" style=\"background-image:url(https:\/\/affi-sage.fr\/wp-content\/plugins\/front-gutenberg-blocks\/assets\/img\/1920x1080\/img8.jpg)\"><div class=\"container space-2 space-md-3\"><div class=\"row justify-content-end\"><div class=\"col-sm-10 col-md-8 col-lg-6 col-xl-5\"><div class=\"card border-0 shadow-sm\"><div class=\"card-body p-7\"><div class=\"mb-4\"><h2 class=\"font-weight-normal mb-0 text-dark\">\u00catre contact\u00e9<\/h2><\/div><div><div class=\"wpforms-container wpforms-container-full subscribe-form\" id=\"wpforms-9176\"><form id=\"wpforms-form-9176\" class=\"wpforms-validate wpforms-form wpforms-ajax-form\" data-formid=\"9176\" method=\"post\" enctype=\"multipart\/form-data\" action=\"\/index.php\/wp-json\/wp\/v2\/pages\/10083\" data-token=\"77f568f5fd4da6daf778591a50c6fc23\" data-token-time=\"1776596614\"><noscript class=\"wpforms-error-noscript\">Veuillez activer JavaScript dans votre navigateur pour remplir ce formulaire.<\/noscript><div class=\"wpforms-field-container\"><div id=\"wpforms-9176-field_0-container\" class=\"wpforms-field wpforms-field-name mb-sm-0 mb-2\" data-field-id=\"0\"><label class=\"wpforms-field-label wpforms-label-hide\" for=\"wpforms-9176-field_0\">Nom <span class=\"wpforms-required-label\">*<\/span><\/label><input type=\"text\" id=\"wpforms-9176-field_0\" class=\"wpforms-field-large wpforms-field-required\" name=\"wpforms[fields][0]\" placeholder=\"Votre Nom\" required><\/div><div id=\"wpforms-9176-field_1-container\" class=\"wpforms-field wpforms-field-email mt-3 mb-sm-0 mb-2\" data-field-id=\"1\"><label class=\"wpforms-field-label wpforms-label-hide\" for=\"wpforms-9176-field_1\">Email <span class=\"wpforms-required-label\">*<\/span><\/label><input type=\"email\" id=\"wpforms-9176-field_1\" class=\"wpforms-field-large wpforms-field-required\" name=\"wpforms[fields][1]\" placeholder=\"Votre Email\" spellcheck=\"false\" required><\/div><\/div><!-- .wpforms-field-container --><div class=\"wpforms-submit-container\" ><input type=\"hidden\" name=\"wpforms[id]\" value=\"9176\"><input type=\"hidden\" name=\"page_title\" value=\"\"><input type=\"hidden\" name=\"page_url\" value=\"https:\/\/affi-sage.fr\/index.php\/wp-json\/wp\/v2\/pages\/10083\"><input type=\"hidden\" name=\"url_referer\" value=\"\"><button type=\"submit\" name=\"wpforms[submit]\" id=\"wpforms-submit-9176\" class=\"wpforms-submit btn btn-block btn-primary transition-3d-hover btn-affisage\" data-alt-text=\"Envoi en cours...\" data-submit-text=\"Envoyer\" aria-live=\"assertive\" value=\"wpforms-submit\">Envoyer<\/button><img loading=\"lazy\" decoding=\"async\" src=\"https:\/\/affi-sage.fr\/wp-content\/plugins\/wpforms-lite\/assets\/images\/submit-spin.svg\" class=\"wpforms-submit-spinner\" style=\"display: none;\" width=\"26\" height=\"26\" alt=\"Chargement en cours\"><\/div><\/form><\/div>  <!-- .wpforms-container --><\/div><\/div><\/div><\/div><\/div><\/div><\/div><\/div>\n<\/div>\n<\/div>\n","protected":false},"excerpt":{"rendered":"<p>\u00catre contact\u00e9<\/p>\n","protected":false},"author":1,"featured_media":0,"parent":0,"menu_order":0,"comment_status":"closed","ping_status":"closed","template":"","meta":{"footnotes":"","_front_options":"{\"hidePageHeader\":true,\"isCustomHeader\":true,\"isCustomFooter\":false,\"headerStaticContentID\":5378,\"disableContainer\":true,\"footerStaticContentID\":7598}"},"yoast_head":"<!-- This site is optimized with the Yoast SEO plugin v23.5 - https:\/\/yoast.com\/wordpress\/plugins\/seo\/ -->\n<title>Affi-Sage Management - Communication Panneaux Publicitaires - Evry 91<\/title>\n<meta name=\"description\" content=\"Affi-Sage, Evry 91 Essonne, conseil et gestion parc panneau publicitaire. Suivi de campagne de communication. Affi-Sage Management.\" \/>\n<meta name=\"robots\" content=\"index, follow, max-snippet:-1, max-image-preview:large, max-video-preview:-1\" \/>\n<link rel=\"canonical\" href=\"https:\/\/affi-sage.fr\/\" \/>\n<meta property=\"og:locale\" content=\"fr_FR\" \/>\n<meta property=\"og:type\" content=\"article\" \/>\n<meta property=\"og:title\" content=\"Affi-Sage Management - Communication Panneaux Publicitaires - Evry 91\" \/>\n<meta property=\"og:description\" content=\"Affi-Sage, Evry 91 Essonne, conseil et gestion parc panneau publicitaire. Suivi de campagne de communication. Affi-Sage Management.\" \/>\n<meta property=\"og:url\" content=\"https:\/\/affi-sage.fr\/\" \/>\n<meta property=\"og:site_name\" content=\"Affi-Sage\" \/>\n<meta property=\"article:modified_time\" content=\"2022-01-05T08:45:55+00:00\" \/>\n<meta property=\"og:image\" content=\"https:\/\/affi-sage.fr\/wp-content\/themes\/front\/assets\/svg\/illustrations\/main-hero.svg\" \/>\n<meta name=\"twitter:card\" content=\"summary_large_image\" \/>\n<meta name=\"twitter:label1\" content=\"Dur\u00e9e de lecture estim\u00e9e\" \/>\n\t<meta name=\"twitter:data1\" content=\"3 minutes\" \/>\n<script type=\"application\/ld+json\" class=\"yoast-schema-graph\">{\"@context\":\"https:\/\/schema.org\",\"@graph\":[{\"@type\":\"WebPage\",\"@id\":\"https:\/\/affi-sage.fr\/\",\"url\":\"https:\/\/affi-sage.fr\/\",\"name\":\"Affi-Sage Management - Communication Panneaux Publicitaires - Evry 91\",\"isPartOf\":{\"@id\":\"https:\/\/affi-sage.fr\/#website\"},\"primaryImageOfPage\":{\"@id\":\"https:\/\/affi-sage.fr\/#primaryimage\"},\"image\":{\"@id\":\"https:\/\/affi-sage.fr\/#primaryimage\"},\"thumbnailUrl\":\"https:\/\/affi-sage.fr\/wp-content\/themes\/front\/assets\/svg\/illustrations\/main-hero.svg\",\"datePublished\":\"2019-05-10T17:25:11+00:00\",\"dateModified\":\"2022-01-05T08:45:55+00:00\",\"description\":\"Affi-Sage, Evry 91 Essonne, conseil et gestion parc panneau publicitaire. Suivi de campagne de communication. Affi-Sage Management.\",\"breadcrumb\":{\"@id\":\"https:\/\/affi-sage.fr\/#breadcrumb\"},\"inLanguage\":\"fr-FR\",\"potentialAction\":[{\"@type\":\"ReadAction\",\"target\":[\"https:\/\/affi-sage.fr\/\"]}]},{\"@type\":\"ImageObject\",\"inLanguage\":\"fr-FR\",\"@id\":\"https:\/\/affi-sage.fr\/#primaryimage\",\"url\":\"https:\/\/affi-sage.fr\/wp-content\/themes\/front\/assets\/svg\/illustrations\/main-hero.svg\",\"contentUrl\":\"https:\/\/affi-sage.fr\/wp-content\/themes\/front\/assets\/svg\/illustrations\/main-hero.svg\"},{\"@type\":\"BreadcrumbList\",\"@id\":\"https:\/\/affi-sage.fr\/#breadcrumb\",\"itemListElement\":[{\"@type\":\"ListItem\",\"position\":1,\"name\":\"Home\",\"item\":\"https:\/\/affi-sage.fr\/\"},{\"@type\":\"ListItem\",\"position\":2,\"name\":\"Accueil\"}]},{\"@type\":\"WebSite\",\"@id\":\"https:\/\/affi-sage.fr\/#website\",\"url\":\"https:\/\/affi-sage.fr\/\",\"name\":\"Affi-Sage\",\"description\":\"Communication Urbaine\",\"publisher\":{\"@id\":\"https:\/\/affi-sage.fr\/#organization\"},\"potentialAction\":[{\"@type\":\"SearchAction\",\"target\":{\"@type\":\"EntryPoint\",\"urlTemplate\":\"https:\/\/affi-sage.fr\/?s={search_term_string}\"},\"query-input\":{\"@type\":\"PropertyValueSpecification\",\"valueRequired\":true,\"valueName\":\"search_term_string\"}}],\"inLanguage\":\"fr-FR\"},{\"@type\":\"Organization\",\"@id\":\"https:\/\/affi-sage.fr\/#organization\",\"name\":\"Affi-Sage\",\"url\":\"https:\/\/affi-sage.fr\/\",\"logo\":{\"@type\":\"ImageObject\",\"inLanguage\":\"fr-FR\",\"@id\":\"https:\/\/affi-sage.fr\/#\/schema\/logo\/image\/\",\"url\":\"https:\/\/affi-sage.fr\/wp-content\/uploads\/2021\/10\/cropped-AFFISAGE-1.jpg\",\"contentUrl\":\"https:\/\/affi-sage.fr\/wp-content\/uploads\/2021\/10\/cropped-AFFISAGE-1.jpg\",\"width\":200,\"height\":52,\"caption\":\"Affi-Sage\"},\"image\":{\"@id\":\"https:\/\/affi-sage.fr\/#\/schema\/logo\/image\/\"}}]}<\/script>\n<!-- \/ Yoast SEO plugin. -->","yoast_head_json":{"title":"Affi-Sage Management - Communication Panneaux Publicitaires - Evry 91","description":"Affi-Sage, Evry 91 Essonne, conseil et gestion parc panneau publicitaire. Suivi de campagne de communication. Affi-Sage Management.","robots":{"index":"index","follow":"follow","max-snippet":"max-snippet:-1","max-image-preview":"max-image-preview:large","max-video-preview":"max-video-preview:-1"},"canonical":"https:\/\/affi-sage.fr\/","og_locale":"fr_FR","og_type":"article","og_title":"Affi-Sage Management - Communication Panneaux Publicitaires - Evry 91","og_description":"Affi-Sage, Evry 91 Essonne, conseil et gestion parc panneau publicitaire. Suivi de campagne de communication. Affi-Sage Management.","og_url":"https:\/\/affi-sage.fr\/","og_site_name":"Affi-Sage","article_modified_time":"2022-01-05T08:45:55+00:00","og_image":[{"url":"https:\/\/affi-sage.fr\/wp-content\/themes\/front\/assets\/svg\/illustrations\/main-hero.svg"}],"twitter_card":"summary_large_image","twitter_misc":{"Dur\u00e9e de lecture estim\u00e9e":"3 minutes"},"schema":{"@context":"https:\/\/schema.org","@graph":[{"@type":"WebPage","@id":"https:\/\/affi-sage.fr\/","url":"https:\/\/affi-sage.fr\/","name":"Affi-Sage Management - Communication Panneaux Publicitaires - Evry 91","isPartOf":{"@id":"https:\/\/affi-sage.fr\/#website"},"primaryImageOfPage":{"@id":"https:\/\/affi-sage.fr\/#primaryimage"},"image":{"@id":"https:\/\/affi-sage.fr\/#primaryimage"},"thumbnailUrl":"https:\/\/affi-sage.fr\/wp-content\/themes\/front\/assets\/svg\/illustrations\/main-hero.svg","datePublished":"2019-05-10T17:25:11+00:00","dateModified":"2022-01-05T08:45:55+00:00","description":"Affi-Sage, Evry 91 Essonne, conseil et gestion parc panneau publicitaire. Suivi de campagne de communication. Affi-Sage Management.","breadcrumb":{"@id":"https:\/\/affi-sage.fr\/#breadcrumb"},"inLanguage":"fr-FR","potentialAction":[{"@type":"ReadAction","target":["https:\/\/affi-sage.fr\/"]}]},{"@type":"ImageObject","inLanguage":"fr-FR","@id":"https:\/\/affi-sage.fr\/#primaryimage","url":"https:\/\/affi-sage.fr\/wp-content\/themes\/front\/assets\/svg\/illustrations\/main-hero.svg","contentUrl":"https:\/\/affi-sage.fr\/wp-content\/themes\/front\/assets\/svg\/illustrations\/main-hero.svg"},{"@type":"BreadcrumbList","@id":"https:\/\/affi-sage.fr\/#breadcrumb","itemListElement":[{"@type":"ListItem","position":1,"name":"Home","item":"https:\/\/affi-sage.fr\/"},{"@type":"ListItem","position":2,"name":"Accueil"}]},{"@type":"WebSite","@id":"https:\/\/affi-sage.fr\/#website","url":"https:\/\/affi-sage.fr\/","name":"Affi-Sage","description":"Communication Urbaine","publisher":{"@id":"https:\/\/affi-sage.fr\/#organization"},"potentialAction":[{"@type":"SearchAction","target":{"@type":"EntryPoint","urlTemplate":"https:\/\/affi-sage.fr\/?s={search_term_string}"},"query-input":{"@type":"PropertyValueSpecification","valueRequired":true,"valueName":"search_term_string"}}],"inLanguage":"fr-FR"},{"@type":"Organization","@id":"https:\/\/affi-sage.fr\/#organization","name":"Affi-Sage","url":"https:\/\/affi-sage.fr\/","logo":{"@type":"ImageObject","inLanguage":"fr-FR","@id":"https:\/\/affi-sage.fr\/#\/schema\/logo\/image\/","url":"https:\/\/affi-sage.fr\/wp-content\/uploads\/2021\/10\/cropped-AFFISAGE-1.jpg","contentUrl":"https:\/\/affi-sage.fr\/wp-content\/uploads\/2021\/10\/cropped-AFFISAGE-1.jpg","width":200,"height":52,"caption":"Affi-Sage"},"image":{"@id":"https:\/\/affi-sage.fr\/#\/schema\/logo\/image\/"}}]}},"_links":{"self":[{"href":"https:\/\/affi-sage.fr\/index.php\/wp-json\/wp\/v2\/pages\/10083"}],"collection":[{"href":"https:\/\/affi-sage.fr\/index.php\/wp-json\/wp\/v2\/pages"}],"about":[{"href":"https:\/\/affi-sage.fr\/index.php\/wp-json\/wp\/v2\/types\/page"}],"author":[{"embeddable":true,"href":"https:\/\/affi-sage.fr\/index.php\/wp-json\/wp\/v2\/users\/1"}],"replies":[{"embeddable":true,"href":"https:\/\/affi-sage.fr\/index.php\/wp-json\/wp\/v2\/comments?post=10083"}],"version-history":[{"count":52,"href":"https:\/\/affi-sage.fr\/index.php\/wp-json\/wp\/v2\/pages\/10083\/revisions"}],"predecessor-version":[{"id":10518,"href":"https:\/\/affi-sage.fr\/index.php\/wp-json\/wp\/v2\/pages\/10083\/revisions\/10518"}],"wp:attachment":[{"href":"https:\/\/affi-sage.fr\/index.php\/wp-json\/wp\/v2\/media?parent=10083"}],"curies":[{"name":"wp","href":"https:\/\/api.w.org\/{rel}","templated":true}]}}